{"id":3578,"date":"2025-09-22T08:39:52","date_gmt":"2025-09-22T06:39:52","guid":{"rendered":"https:\/\/www.hanawa-origami.com\/?post_type=product&#038;p=3578"},"modified":"2025-09-22T08:41:27","modified_gmt":"2025-09-22T06:41:27","slug":"kit-creatif-guirlande-de-robes-origami-rose-3-2-2-2-2","status":"publish","type":"product","link":"https:\/\/www.hanawa-origami.com\/index.php\/produit\/kit-creatif-guirlande-de-robes-origami-rose-3-2-2-2-2\/","title":{"rendered":"KIT Cr\u00e9atif Guirlande d\u2019\u00e9toiles en origami &#8211; Violet, Rose, Vert &amp; Jaune"},"content":{"rendered":"<p>Kits compos\u00e9s de feuilles de papiers washi de 15 cm de c\u00f4t\u00e9.<\/p>\n<p>Papiers s\u00e9lectionn\u00e9s aupr\u00e8s de mon fournisseur japonais.<\/p>\n<p>Le washi est un v\u00e9ritable papier japonais fait \u00e0 base de fibres de m\u00fbrier qui conf\u00e8rent \u00e0 ce papier de qualit\u00e9 la flexibilit\u00e9 adapt\u00e9s pour l&rsquo;origami.<\/p>\n","protected":false},"excerpt":{"rendered":"<p>Kit cr\u00e9atif pour fabriquer vous m\u00eame une guirlande d&rsquo;\u00e9toiles en origami.<\/p>\n<p>Le kit est compos\u00e9 :<\/p>\n<ul>\n<li>Un tutoriel d\u00e9crivant les diff\u00e9rentes \u00e9tapes de conception ainsi qu&rsquo;un QRCode pour acc\u00e9der \u00e0 une vid\u00e9o<\/li>\n<li>De 5 feuilles de papiers washi, choisis dans les harmonies de dor\u00e9 et blanc<\/li>\n<li>6 perles en bois et un grelot dor\u00e9 porte bonheur<\/li>\n<li>6 pastilles autocollantes<\/li>\n<li>1 ficelle<\/li>\n<li>2 feuilles de papier color\u00e9es pour s&rsquo;entra\u00eener au pliage (couleurs des feuilles non contractuelle)<\/li>\n<\/ul>\n","protected":false},"featured_media":3579,"template":"","meta":{"_monsterinsights_skip_tracking":false,"_monsterinsights_sitenote_active":false,"_monsterinsights_sitenote_note":"","_monsterinsights_sitenote_category":0,"ocean_post_layout":"","ocean_both_sidebars_style":"","ocean_both_sidebars_content_width":0,"ocean_both_sidebars_sidebars_width":0,"ocean_sidebar":"0","ocean_second_sidebar":"0","ocean_disable_margins":"enable","ocean_add_body_class":"","ocean_shortcode_before_top_bar":"","ocean_shortcode_after_top_bar":"","ocean_shortcode_before_header":"","ocean_shortcode_after_header":"","ocean_has_shortcode":"","ocean_shortcode_after_title":"","ocean_shortcode_before_footer_widgets":"","ocean_shortcode_after_footer_widgets":"","ocean_shortcode_before_footer_bottom":"","ocean_shortcode_after_footer_bottom":"","ocean_display_top_bar":"default","ocean_display_header":"default","ocean_header_style":"","ocean_center_header_left_menu":"0","ocean_custom_header_template":"0","ocean_custom_logo":0,"ocean_custom_retina_logo":0,"ocean_custom_logo_max_width":0,"ocean_custom_logo_tablet_max_width":0,"ocean_custom_logo_mobile_max_width":0,"ocean_custom_logo_max_height":0,"ocean_custom_logo_tablet_max_height":0,"ocean_custom_logo_mobile_max_height":0,"ocean_header_custom_menu":"0","ocean_menu_typo_font_family":"0","ocean_menu_typo_font_subset":"","ocean_menu_typo_font_size":0,"ocean_menu_typo_font_size_tablet":0,"ocean_menu_typo_font_size_mobile":0,"ocean_menu_typo_font_size_unit":"px","ocean_menu_typo_font_weight":"","ocean_menu_typo_font_weight_tablet":"","ocean_menu_typo_font_weight_mobile":"","ocean_menu_typo_transform":"","ocean_menu_typo_transform_tablet":"","ocean_menu_typo_transform_mobile":"","ocean_menu_typo_line_height":0,"ocean_menu_typo_line_height_tablet":0,"ocean_menu_typo_line_height_mobile":0,"ocean_menu_typo_line_height_unit":"","ocean_menu_typo_spacing":0,"ocean_menu_typo_spacing_tablet":0,"ocean_menu_typo_spacing_mobile":0,"ocean_menu_typo_spacing_unit":"","ocean_menu_link_color":"","ocean_menu_link_color_hover":"","ocean_menu_link_color_active":"","ocean_menu_link_background":"","ocean_menu_link_hover_background":"","ocean_menu_link_active_background":"","ocean_menu_social_links_bg":"","ocean_menu_social_hover_links_bg":"","ocean_menu_social_links_color":"","ocean_menu_social_hover_links_color":"","ocean_disable_title":"default","ocean_disable_heading":"default","ocean_post_title":"","ocean_post_subheading":"","ocean_post_title_style":"","ocean_post_title_background_color":"","ocean_post_title_background":0,"ocean_post_title_bg_image_position":"","ocean_post_title_bg_image_attachment":"","ocean_post_title_bg_image_repeat":"","ocean_post_title_bg_image_size":"","ocean_post_title_height":0,"ocean_post_title_bg_overlay":0.5,"ocean_post_title_bg_overlay_color":"","ocean_disable_breadcrumbs":"default","ocean_breadcrumbs_color":"","ocean_breadcrumbs_separator_color":"","ocean_breadcrumbs_links_color":"","ocean_breadcrumbs_links_hover_color":"","ocean_display_footer_widgets":"default","ocean_display_footer_bottom":"default","ocean_custom_footer_template":"0"},"product_brand":[],"product_cat":[186],"product_tag":[180,188,54,174,178,44,52,55,179],"class_list":{"0":"post-3578","1":"product","2":"type-product","3":"status-publish","4":"has-post-thumbnail","6":"product_cat-kits-creatifs","7":"product_tag-creatif","8":"product_tag-etoile","9":"product_tag-jaune","10":"product_tag-kit","11":"product_tag-papier","12":"product_tag-rose","13":"product_tag-vert","14":"product_tag-violet","15":"product_tag-washi","16":"product_shipping_class-colis-suivi-moins-250g","18":"entry","19":"has-media","21":"first","22":"instock","23":"shipping-taxable","24":"purchasable","25":"product-type-simple","26":"has-product-nav","27":"col","28":"span_1_of_2","29":"owp-content-center","30":"owp-thumbs-layout-horizontal","31":"owp-btn-normal","32":"owp-tabs-layout-horizontal"},"yoast_head":"<!-- This site is optimized with the Yoast SEO plugin v25.3.1 - https:\/\/yoast.com\/wordpress\/plugins\/seo\/ -->\n<title>KIT Cr\u00e9atif Guirlande d\u2019\u00e9toiles en origami - Violet, Rose, Vert &amp; Jaune | HANAWA ORIGAMI<\/title>\n<meta name=\"robots\" content=\"index, follow, max-snippet:-1, max-image-preview:large, max-video-preview:-1\" \/>\n<link rel=\"canonical\" href=\"https:\/\/www.hanawa-origami.com\/index.php\/produit\/kit-creatif-guirlande-de-robes-origami-rose-3-2-2-2-2\/\" \/>\n<meta property=\"og:locale\" content=\"fr_FR\" \/>\n<meta property=\"og:type\" content=\"article\" \/>\n<meta property=\"og:title\" content=\"KIT Cr\u00e9atif Guirlande d\u2019\u00e9toiles en origami - Violet, Rose, Vert &amp; Jaune | HANAWA ORIGAMI\" \/>\n<meta property=\"og:description\" content=\"Kit cr\u00e9atif pour fabriquer vous m\u00eame une guirlande d&#039;\u00e9toiles en origami. Le kit est compos\u00e9 :  Un tutoriel d\u00e9crivant les diff\u00e9rentes \u00e9tapes de conception ainsi qu&#039;un QRCode pour acc\u00e9der \u00e0 une vid\u00e9o  De 5 feuilles de papiers washi, choisis dans les harmonies de dor\u00e9 et blanc  6 perles en bois et un grelot dor\u00e9 porte bonheur  6 pastilles autocollantes  1 ficelle  2 feuilles de papier color\u00e9es pour s&#039;entra\u00eener au pliage (couleurs des feuilles non contractuelle)\" \/>\n<meta property=\"og:url\" content=\"https:\/\/www.hanawa-origami.com\/index.php\/produit\/kit-creatif-guirlande-de-robes-origami-rose-3-2-2-2-2\/\" \/>\n<meta property=\"og:site_name\" content=\"HANAWA ORIGAMI\" \/>\n<meta property=\"article:modified_time\" content=\"2025-09-22T06:41:27+00:00\" \/>\n<meta property=\"og:image\" content=\"https:\/\/www.hanawa-origami.com\/wp-content\/uploads\/2025\/03\/img_5614-scaled.jpeg\" \/>\n\t<meta property=\"og:image:width\" content=\"2560\" \/>\n\t<meta property=\"og:image:height\" content=\"2560\" \/>\n\t<meta property=\"og:image:type\" content=\"image\/jpeg\" \/>\n<meta name=\"twitter:card\" content=\"summary_large_image\" \/>\n<script type=\"application\/ld+json\" class=\"yoast-schema-graph\">{\"@context\":\"https:\/\/schema.org\",\"@graph\":[{\"@type\":\"WebPage\",\"@id\":\"https:\/\/www.hanawa-origami.com\/index.php\/produit\/kit-creatif-guirlande-de-robes-origami-rose-3-2-2-2-2\/\",\"url\":\"https:\/\/www.hanawa-origami.com\/index.php\/produit\/kit-creatif-guirlande-de-robes-origami-rose-3-2-2-2-2\/\",\"name\":\"KIT Cr\u00e9atif Guirlande d\u2019\u00e9toiles en origami - Violet, Rose, Vert &amp; Jaune | HANAWA ORIGAMI\",\"isPartOf\":{\"@id\":\"https:\/\/www.hanawa-origami.com\/#website\"},\"primaryImageOfPage\":{\"@id\":\"https:\/\/www.hanawa-origami.com\/index.php\/produit\/kit-creatif-guirlande-de-robes-origami-rose-3-2-2-2-2\/#primaryimage\"},\"image\":{\"@id\":\"https:\/\/www.hanawa-origami.com\/index.php\/produit\/kit-creatif-guirlande-de-robes-origami-rose-3-2-2-2-2\/#primaryimage\"},\"thumbnailUrl\":\"https:\/\/www.hanawa-origami.com\/wp-content\/uploads\/2025\/03\/img_5614-scaled.jpeg\",\"datePublished\":\"2025-09-22T06:39:52+00:00\",\"dateModified\":\"2025-09-22T06:41:27+00:00\",\"breadcrumb\":{\"@id\":\"https:\/\/www.hanawa-origami.com\/index.php\/produit\/kit-creatif-guirlande-de-robes-origami-rose-3-2-2-2-2\/#breadcrumb\"},\"inLanguage\":\"fr-FR\",\"potentialAction\":[{\"@type\":\"ReadAction\",\"target\":[\"https:\/\/www.hanawa-origami.com\/index.php\/produit\/kit-creatif-guirlande-de-robes-origami-rose-3-2-2-2-2\/\"]}]},{\"@type\":\"ImageObject\",\"inLanguage\":\"fr-FR\",\"@id\":\"https:\/\/www.hanawa-origami.com\/index.php\/produit\/kit-creatif-guirlande-de-robes-origami-rose-3-2-2-2-2\/#primaryimage\",\"url\":\"https:\/\/www.hanawa-origami.com\/wp-content\/uploads\/2025\/03\/img_5614-scaled.jpeg\",\"contentUrl\":\"https:\/\/www.hanawa-origami.com\/wp-content\/uploads\/2025\/03\/img_5614-scaled.jpeg\",\"width\":2560,\"height\":2560},{\"@type\":\"BreadcrumbList\",\"@id\":\"https:\/\/www.hanawa-origami.com\/index.php\/produit\/kit-creatif-guirlande-de-robes-origami-rose-3-2-2-2-2\/#breadcrumb\",\"itemListElement\":[{\"@type\":\"ListItem\",\"position\":1,\"name\":\"Accueil\",\"item\":\"https:\/\/www.hanawa-origami.com\/\"},{\"@type\":\"ListItem\",\"position\":2,\"name\":\"Cr\u00e9ations\",\"item\":\"https:\/\/www.hanawa-origami.com\/index.php\/shop\/\"},{\"@type\":\"ListItem\",\"position\":3,\"name\":\"Kits cr\u00e9atifs\",\"item\":\"https:\/\/www.hanawa-origami.com\/index.php\/categorie-produit\/kits-creatifs\/\"},{\"@type\":\"ListItem\",\"position\":4,\"name\":\"KIT Cr\u00e9atif Guirlande d\u2019\u00e9toiles en origami &#8211; Violet, Rose, Vert &amp; Jaune\"}]},{\"@type\":\"WebSite\",\"@id\":\"https:\/\/www.hanawa-origami.com\/#website\",\"url\":\"https:\/\/www.hanawa-origami.com\/\",\"name\":\"Hanawa Origami\",\"description\":\"\",\"publisher\":{\"@id\":\"https:\/\/www.hanawa-origami.com\/#organization\"},\"potentialAction\":[{\"@type\":\"SearchAction\",\"target\":{\"@type\":\"EntryPoint\",\"urlTemplate\":\"https:\/\/www.hanawa-origami.com\/?s={search_term_string}\"},\"query-input\":{\"@type\":\"PropertyValueSpecification\",\"valueRequired\":true,\"valueName\":\"search_term_string\"}}],\"inLanguage\":\"fr-FR\"},{\"@type\":\"Organization\",\"@id\":\"https:\/\/www.hanawa-origami.com\/#organization\",\"name\":\"hanawa-origami\",\"url\":\"https:\/\/www.hanawa-origami.com\/\",\"logo\":{\"@type\":\"ImageObject\",\"inLanguage\":\"fr-FR\",\"@id\":\"https:\/\/www.hanawa-origami.com\/#\/schema\/logo\/image\/\",\"url\":\"https:\/\/www.hanawa-origami.com\/wp-content\/uploads\/2020\/06\/Logo-Hanawa_detoure-site.png\",\"contentUrl\":\"https:\/\/www.hanawa-origami.com\/wp-content\/uploads\/2020\/06\/Logo-Hanawa_detoure-site.png\",\"width\":493,\"height\":338,\"caption\":\"hanawa-origami\"},\"image\":{\"@id\":\"https:\/\/www.hanawa-origami.com\/#\/schema\/logo\/image\/\"}}]}<\/script>\n<!-- \/ Yoast SEO plugin. -->","yoast_head_json":{"title":"KIT Cr\u00e9atif Guirlande d\u2019\u00e9toiles en origami - Violet, Rose, Vert &amp; Jaune | HANAWA ORIGAMI","robots":{"index":"index","follow":"follow","max-snippet":"max-snippet:-1","max-image-preview":"max-image-preview:large","max-video-preview":"max-video-preview:-1"},"canonical":"https:\/\/www.hanawa-origami.com\/index.php\/produit\/kit-creatif-guirlande-de-robes-origami-rose-3-2-2-2-2\/","og_locale":"fr_FR","og_type":"article","og_title":"KIT Cr\u00e9atif Guirlande d\u2019\u00e9toiles en origami - Violet, Rose, Vert &amp; Jaune | HANAWA ORIGAMI","og_description":"Kit cr\u00e9atif pour fabriquer vous m\u00eame une guirlande d'\u00e9toiles en origami. Le kit est compos\u00e9 :  Un tutoriel d\u00e9crivant les diff\u00e9rentes \u00e9tapes de conception ainsi qu'un QRCode pour acc\u00e9der \u00e0 une vid\u00e9o  De 5 feuilles de papiers washi, choisis dans les harmonies de dor\u00e9 et blanc  6 perles en bois et un grelot dor\u00e9 porte bonheur  6 pastilles autocollantes  1 ficelle  2 feuilles de papier color\u00e9es pour s'entra\u00eener au pliage (couleurs des feuilles non contractuelle)","og_url":"https:\/\/www.hanawa-origami.com\/index.php\/produit\/kit-creatif-guirlande-de-robes-origami-rose-3-2-2-2-2\/","og_site_name":"HANAWA ORIGAMI","article_modified_time":"2025-09-22T06:41:27+00:00","og_image":[{"width":2560,"height":2560,"url":"https:\/\/www.hanawa-origami.com\/wp-content\/uploads\/2025\/03\/img_5614-scaled.jpeg","type":"image\/jpeg"}],"twitter_card":"summary_large_image","schema":{"@context":"https:\/\/schema.org","@graph":[{"@type":"WebPage","@id":"https:\/\/www.hanawa-origami.com\/index.php\/produit\/kit-creatif-guirlande-de-robes-origami-rose-3-2-2-2-2\/","url":"https:\/\/www.hanawa-origami.com\/index.php\/produit\/kit-creatif-guirlande-de-robes-origami-rose-3-2-2-2-2\/","name":"KIT Cr\u00e9atif Guirlande d\u2019\u00e9toiles en origami - Violet, Rose, Vert &amp; Jaune | HANAWA ORIGAMI","isPartOf":{"@id":"https:\/\/www.hanawa-origami.com\/#website"},"primaryImageOfPage":{"@id":"https:\/\/www.hanawa-origami.com\/index.php\/produit\/kit-creatif-guirlande-de-robes-origami-rose-3-2-2-2-2\/#primaryimage"},"image":{"@id":"https:\/\/www.hanawa-origami.com\/index.php\/produit\/kit-creatif-guirlande-de-robes-origami-rose-3-2-2-2-2\/#primaryimage"},"thumbnailUrl":"https:\/\/www.hanawa-origami.com\/wp-content\/uploads\/2025\/03\/img_5614-scaled.jpeg","datePublished":"2025-09-22T06:39:52+00:00","dateModified":"2025-09-22T06:41:27+00:00","breadcrumb":{"@id":"https:\/\/www.hanawa-origami.com\/index.php\/produit\/kit-creatif-guirlande-de-robes-origami-rose-3-2-2-2-2\/#breadcrumb"},"inLanguage":"fr-FR","potentialAction":[{"@type":"ReadAction","target":["https:\/\/www.hanawa-origami.com\/index.php\/produit\/kit-creatif-guirlande-de-robes-origami-rose-3-2-2-2-2\/"]}]},{"@type":"ImageObject","inLanguage":"fr-FR","@id":"https:\/\/www.hanawa-origami.com\/index.php\/produit\/kit-creatif-guirlande-de-robes-origami-rose-3-2-2-2-2\/#primaryimage","url":"https:\/\/www.hanawa-origami.com\/wp-content\/uploads\/2025\/03\/img_5614-scaled.jpeg","contentUrl":"https:\/\/www.hanawa-origami.com\/wp-content\/uploads\/2025\/03\/img_5614-scaled.jpeg","width":2560,"height":2560},{"@type":"BreadcrumbList","@id":"https:\/\/www.hanawa-origami.com\/index.php\/produit\/kit-creatif-guirlande-de-robes-origami-rose-3-2-2-2-2\/#breadcrumb","itemListElement":[{"@type":"ListItem","position":1,"name":"Accueil","item":"https:\/\/www.hanawa-origami.com\/"},{"@type":"ListItem","position":2,"name":"Cr\u00e9ations","item":"https:\/\/www.hanawa-origami.com\/index.php\/shop\/"},{"@type":"ListItem","position":3,"name":"Kits cr\u00e9atifs","item":"https:\/\/www.hanawa-origami.com\/index.php\/categorie-produit\/kits-creatifs\/"},{"@type":"ListItem","position":4,"name":"KIT Cr\u00e9atif Guirlande d\u2019\u00e9toiles en origami &#8211; Violet, Rose, Vert &amp; Jaune"}]},{"@type":"WebSite","@id":"https:\/\/www.hanawa-origami.com\/#website","url":"https:\/\/www.hanawa-origami.com\/","name":"Hanawa Origami","description":"","publisher":{"@id":"https:\/\/www.hanawa-origami.com\/#organization"},"potentialAction":[{"@type":"SearchAction","target":{"@type":"EntryPoint","urlTemplate":"https:\/\/www.hanawa-origami.com\/?s={search_term_string}"},"query-input":{"@type":"PropertyValueSpecification","valueRequired":true,"valueName":"search_term_string"}}],"inLanguage":"fr-FR"},{"@type":"Organization","@id":"https:\/\/www.hanawa-origami.com\/#organization","name":"hanawa-origami","url":"https:\/\/www.hanawa-origami.com\/","logo":{"@type":"ImageObject","inLanguage":"fr-FR","@id":"https:\/\/www.hanawa-origami.com\/#\/schema\/logo\/image\/","url":"https:\/\/www.hanawa-origami.com\/wp-content\/uploads\/2020\/06\/Logo-Hanawa_detoure-site.png","contentUrl":"https:\/\/www.hanawa-origami.com\/wp-content\/uploads\/2020\/06\/Logo-Hanawa_detoure-site.png","width":493,"height":338,"caption":"hanawa-origami"},"image":{"@id":"https:\/\/www.hanawa-origami.com\/#\/schema\/logo\/image\/"}}]}},"_links":{"self":[{"href":"https:\/\/www.hanawa-origami.com\/index.php\/wp-json\/wp\/v2\/product\/3578","targetHints":{"allow":["GET"]}}],"collection":[{"href":"https:\/\/www.hanawa-origami.com\/index.php\/wp-json\/wp\/v2\/product"}],"about":[{"href":"https:\/\/www.hanawa-origami.com\/index.php\/wp-json\/wp\/v2\/types\/product"}],"wp:featuredmedia":[{"embeddable":true,"href":"https:\/\/www.hanawa-origami.com\/index.php\/wp-json\/wp\/v2\/media\/3579"}],"wp:attachment":[{"href":"https:\/\/www.hanawa-origami.com\/index.php\/wp-json\/wp\/v2\/media?parent=3578"}],"wp:term":[{"taxonomy":"product_brand","embeddable":true,"href":"https:\/\/www.hanawa-origami.com\/index.php\/wp-json\/wp\/v2\/product_brand?post=3578"},{"taxonomy":"product_cat","embeddable":true,"href":"https:\/\/www.hanawa-origami.com\/index.php\/wp-json\/wp\/v2\/product_cat?post=3578"},{"taxonomy":"product_tag","embeddable":true,"href":"https:\/\/www.hanawa-origami.com\/index.php\/wp-json\/wp\/v2\/product_tag?post=3578"}],"curies":[{"name":"wp","href":"https:\/\/api.w.org\/{rel}","templated":true}]}}